{"id":3,"date":"2020-03-27T15:26:35","date_gmt":"2020-03-27T14:26:35","guid":{"rendered":"https:\/\/sitiwebdiamondweb.com\/progetti\/atec\/?page_id=3"},"modified":"2020-03-27T17:00:52","modified_gmt":"2020-03-27T16:00:52","slug":"informativa-privacy","status":"publish","type":"page","link":"https:\/\/sitiwebdiamondweb.com\/progetti\/atec\/informativa-privacy\/","title":{"rendered":"Informativa Privacy"},"content":{"rendered":"\n<p>Lo scopo dell&#8217;informativa privacy \u00e8 di fornire la massima trasparenza\nrelativamente alle informazioni che il sito raccoglie e come le usa.<br>\nIn ottemperanza degli obblighi derivanti dalla normativa nazionale (D. Lgs 30\ngiugno 2003 n. 196, Codice in materia di protezione dei dati personali, e\nsuccessive modifiche) e europea (Regolamento europeo per la protezione dei dati\npersonali n. 679\/2016, GDPR), il presente sito rispetta e tutela la\nriservatezza dei visitatori e degli utenti, ponendo in essere ogni sforzo\npossibile e proporzionato per non ledere i diritti degli utenti.<\/p>\n\n\n\n<p>In particolare, il presente sito&nbsp;non pubblica annunci pubblicitari, non\nusa dati a fini di invio di pubblicit\u00e0, per\u00f2 fa uso di&nbsp;servizi di terze\nparti&nbsp;al fine di migliorare l&#8217;utilizzo del sito, terze parti che\npotrebbero raccogliere dati degli utenti e poi usarli per inviare annunci\npubblicitari personalizzati su altri siti. Ad esempio, il sito usa in alcuni\ncasi&nbsp;video di YouTube, i quali sono impostati in modo da non inviare\ncookie (e quindi non raccogliere dati) fino a quando l&#8217;utente non avvia il\nvideo. Potete osservare, infatti, che al posto del video c&#8217;\u00e8 solo un segnaposto\n(placeholder). Il sito usa anche&nbsp;plugin sociali&nbsp;per semplificare la\ncondivisione degli articoli sui social network. Tali plugin sono configurati in\nmodo che inviino cookie (e quindi eventualmente raccolgano dati) solo dopo che\nl&#8217;utente ha cliccato.<br>\nPer ulteriori informazioni potete leggere l&#8217;informativa completa qui sotto.<\/p>\n\n\n\n<h4>Base giuridica del trattamento<\/h4>\n\n\n\n<p>Il presente sito tratta i dati prevalentemente in base\nal&nbsp;consenso&nbsp;degli utenti. Il conferimento del consenso avviene\ntramite il banner posto in fondo alla pagina, oppure tramite l\u2019uso o la\nconsultazione del sito, quale comportamento concludente. Con l&#8217;uso o la\nconsultazione del sito i visitatori e gli utenti approvano la presente\ninformativa privacy e acconsentono al trattamento dei loro dati personali in\nrelazione alle modalit\u00e0 e alle finalit\u00e0 di seguito descritte, compreso\nl&#8217;eventuale diffusione a terzi se necessaria per l&#8217;erogazione di un servizio.\nTramite i moduli di comunicazione o di richiesta di servizi vengono raccolti\nulteriori consensi relativi alla finalit\u00e0 specifica del servizio.<\/p>\n\n\n\n<p>Il conferimento dei dati e quindi il consenso alla raccolta e al trattamento\ndei dati \u00e8 facoltativo,&nbsp;l&#8217;Utente pu\u00f2 negare il consenso, e pu\u00f2 revocare in\nqualsiasi momento un consenso gi\u00e0 fornito&nbsp;(tramite il banner posto a fondo\npagina o le impostazioni del browser per i cookie, o il link Contatti).\nTuttavia negare il consenso pu\u00f2 comportare l&#8217;impossibilit\u00e0 di erogare alcuni\nservizi e l&#8217;esperienza di navigazione nel sito sarebbe compromessa.<\/p>\n\n\n\n<h4>Finalit\u00e0 del trattamento<\/h4>\n\n\n\n<p>Il trattamento dei dati raccolti dal sito, oltre alle finalit\u00e0 connesse,\nstrumentali e necessarie alla fornitura del servizio, \u00e8 volto alle seguenti\nfinalit\u00e0:<\/p>\n\n\n\n<p>\u2013&nbsp;Statistica (analisi)<br>\nRaccolta di dati e informazioni in forma esclusivamente aggregata e anonima al\nfine di verificare il corretto funzionamento del sito. Nessuna di queste\ninformazioni \u00e8 correlata alla persona fisica-Utente del sito, e non ne\nconsentono in alcun modo l&#8217;identificazione. Non occorre il consenso.<\/p>\n\n\n\n<p>\u2013&nbsp;Sicurezza<br>\nRaccolta di dati e informazioni al fine di tutelare la sicurezza del sito\n(filtri antispam, firewall, rilevazione virus) e degli Utenti e per prevenire o\nsmascherare frodi o abusi a danno del sito web. I dati sono registrati\nautomaticamente e possono eventualmente comprendere anche dati personali (indirizzo\nIp) che potrebbero essere utilizzati, conformemente alle leggi vigenti in\nmateria, al fine di bloccare tentativi di danneggiamento al sito medesimo o di\nrecare danno ad altri utenti, o comunque attivit\u00e0 dannose o costituenti reato.\nTali dati non sono mai utilizzati per l&#8217;identificazione o la profilazione\ndell&#8217;Utente e vengono cancellati periodicamente. Non occorre il consenso.<\/p>\n\n\n\n<p>&#8211;&nbsp;Attivit\u00e0 accessorie<br>\nComunicare i dati a terze parti che svolgono funzioni necessarie o strumentali\nall&#8217;operativit\u00e0 del servizio (es. box commenti), e per consentire a terze parti\ndi svolgere attivit\u00e0 tecniche, logistiche e di altro tipo per nostro conto. I\nfornitori hanno accesso solo ai dati personali che sono necessari per svolgere\ni propri compiti, e si impegnano a non utilizzare i dati per altri scopi, e\nsono tenuti a trattare i dati personali in conformit\u00e0 delle normative vigenti.<\/p>\n\n\n\n<h4>&nbsp;Dati raccolti<\/h4>\n\n\n\n<p>Il presente sito raccoglie dati degli utenti in due modi.<\/p>\n\n\n\n<p>&#8211;&nbsp;Dati raccolti in maniera automatizzata<br>\nDurante la navigazione degli Utenti possono essere raccolte le seguenti\ninformazioni che vengono conservate nei file di log del server (hosting) del\nsito:<br>\n&#8211; indirizzo internet protocol (IP);<br>\n&#8211; tipo di browser;<br>\n&#8211; parametri del dispositivo usato per connettersi al sito;<br>\n&#8211; nome dell&#8217;internet service provider (ISP);<br>\n&#8211; data e orario di visita;<br>\n&#8211; pagina web di provenienza del visitatore (referral) e di uscita;<br>\n&#8211; eventualmente il numero di click.<\/p>\n\n\n\n<p>Questi dati sono utilizzati a fini di statistica e analisi, in forma\nesclusivamente aggregata. L\u2019indirizzo IP \u00e8 utilizzato esclusivamente a fini di\nsicurezza e non \u00e8 incrociato con nessun altro dato.<\/p>\n\n\n\n<p>&#8211;&nbsp;Dati conferiti volontariamente<\/p>\n\n\n\n<p>Il sito pu\u00f2 raccogliere altri dati in caso di utilizzo volontario di servizi\nda parte degli utenti, quali servizi di commenti, di comunicazione (moduli per\ncontatti, box commenti), e verranno utilizzati esclusivamente per l&#8217;erogazione\ndel servizio richiesto:<br>\n&#8211; nome;<br>\n&#8211; indirizzo email.<\/p>\n\n\n\n<h4>Periodo di conservazione dei dati<\/h4>\n\n\n\n<p>I dati raccolti dal sito durante il suo funzionamento sono conservati per il\ntempo strettamente necessario a svolgere le attivit\u00e0 precisate. Alla scadenza i\ndati saranno cancellati o anonimizzati, a meno che non sussistano ulteriori\nfinalit\u00e0 per la conservazione degli stessi.<\/p>\n\n\n\n<p>I dati (indirizzo IP) utilizzati a fini di sicurezza del sito (blocco\ntentativi di danneggiare il sito) sono conservati per 7 giorni.<\/p>\n\n\n\n<h4>Trasferimento dei dati raccolti a terze parti<\/h4>\n\n\n\n<p>I dati rilevati dal sito generalmente non vengono forniti a terzi, tranne\nche in casi specifici: legittima richiesta da parte dell\u2019autorit\u00e0 giudiziaria e\nnei soli casi previsti dalla legge; qualora sia necessario per la fornitura di\nuno specifico servizio richiesto dell&#8217;Utente; per l&#8217;esecuzione di controlli di\nsicurezza o di ottimizzazione del sito.<\/p>\n\n\n\n<h4>Trasferimento dei dati in paesi extra UE<\/h4>\n\n\n\n<p>Il presente sito potrebbe condividere alcuni dei dati raccolti con servizi\nlocalizzati al di fuori dell&#8217;area dell&#8217;Unione Europea. In particolare con\nGoogle, Facebook e Microsoft (LinkedIn) tramite i social plugin e il servizio\ndi Google Analytics. Il trasferimento \u00e8 autorizzato in base a specifiche&nbsp;<a href=\"http:\/\/www.garanteprivacy.it\/home\/provvedimenti-normativa\/normativa\/normativa-comunitaria-e-intenazionale\/trasferimento-dei-dati-verso-paesi-terzi\">decisioni\ndell&#8217;Unione Europea e del Garante per la tutela dei dati personali<\/a>,\nin particolare la decisione 1250\/2016 (<a href=\"http:\/\/eur-lex.europa.eu\/legal-content\/IT\/TXT\/?uri=CELEX%3A32016D1250\">Privacy\nShield<\/a>&nbsp;&#8211; qui la&nbsp;<a href=\"http:\/\/www.garanteprivacy.it\/web\/guest\/home\/docweb\/-\/docweb-display\/docweb\/5306161\">pagina\ninformativa del Garante italiano<\/a>), per cui non occorre ulteriore\nconsenso.&nbsp;Le aziende sopra menzionate garantiscono la propria adesione al\nPrivacy Shield.<\/p>\n","protected":false},"excerpt":{"rendered":"<p>Lo scopo dell&#8217;informativa privacy \u00e8 di fornire la massima trasparenza relativamente alle informazioni che il sito raccoglie e come le usa. In ottemperanza degli obblighi derivanti<span class=\"excerpt-hellip\"> [\u2026]<\/span><\/p>\n","protected":false},"author":1,"featured_media":0,"parent":0,"menu_order":0,"comment_status":"closed","ping_status":"open","template":"","meta":[],"_links":{"self":[{"href":"https:\/\/sitiwebdiamondweb.com\/progetti\/atec\/wp-json\/wp\/v2\/pages\/3"}],"collection":[{"href":"https:\/\/sitiwebdiamondweb.com\/progetti\/atec\/wp-json\/wp\/v2\/pages"}],"about":[{"href":"https:\/\/sitiwebdiamondweb.com\/progetti\/atec\/wp-json\/wp\/v2\/types\/page"}],"author":[{"embeddable":true,"href":"https:\/\/sitiwebdiamondweb.com\/progetti\/atec\/wp-json\/wp\/v2\/users\/1"}],"replies":[{"embeddable":true,"href":"https:\/\/sitiwebdiamondweb.com\/progetti\/atec\/wp-json\/wp\/v2\/comments?post=3"}],"version-history":[{"count":1,"href":"https:\/\/sitiwebdiamondweb.com\/progetti\/atec\/wp-json\/wp\/v2\/pages\/3\/revisions"}],"predecessor-version":[{"id":75,"href":"https:\/\/sitiwebdiamondweb.com\/progetti\/atec\/wp-json\/wp\/v2\/pages\/3\/revisions\/75"}],"wp:attachment":[{"href":"https:\/\/sitiwebdiamondweb.com\/progetti\/atec\/wp-json\/wp\/v2\/media?parent=3"}],"curies":[{"name":"wp","href":"https:\/\/api.w.org\/{rel}","templated":true}]}}